(j). Give p(s).
0
Let g(p) be the third derivative of -p**6/360 + 7*p**5/120 - 5*p**4/24 + 70*p**3/3 - 145*p**2. Let z(s) be the first derivative of g(s). Give z(2).
5
Let d(k) = -k**3 - 3*k**2 + 4*k - 12. Let a(f) = 4*f**2 + 116*f - 845. Let y be a(6). Determine d(y).
18
Let p(u) = -23*u + 23. Let h(y) = -4*y + 4. Let d(b) = -34*h(b) + 6*p(b). Let r = -211 + 213. Suppose -r*i = 11 - 7. What is d(i)?
6
Let m be ((-4)/(-16)*-2)/(1/34). Let x = 19 + m. Let t(u) = -2*u**x - 18*u - 7 - 18*u - 25*u + 71*u. Calculate t(6).
-19
Let r(j) be the first derivative of j**3/3 - 17*j**2 + 176*j + 3957. Calculate r(28).
8
Let q be (-1)/(-1 + (-18)/(-21)). Suppose 32 = q*a + a. Let z(c) = -22*c + 1 - 26*c - a + 47*c. Calculate z(0).
-3
Let j(m) = -m**2 - 4944*m + 9888*m - 2 - 4946*m. Give j(-1).
-1
Let b(c) = 24*c - 24 - 2*c**2 - 53 + 10 + 0. Give b(6).
5
Let y(p) = p**3 + 2*p**2 - 2*p + 3. Suppose -48*b + 55*b - 140 = 0. Suppose 88*g = 98*g - b. Give y(g).
15
Let c(f) = f + 4. Let x(h) be the second derivative of -h**3/6 - 5*h**2/2 + 15*h. Let l be x(15). Let k = l - -13. Calculate c(k).
-3
Let s(q) = -q - 1. Let i(t) = -6*t - 10. Let n(b) = -i(b) + 10*s(b). Let a be 5 + (-4 - (4 - 5 - 2)). What is n(a)?
-16
Let w(z) = -1947*z**2 + 3890*z**2 - 1945*z**2 + 17 - 10*z. Calculate w(6).
-115
Let f(d) = 17 + 2*d - 2 - 12*d + d**3 - 12*d**2 - 5*d. What is f(13)?
-11
Let u(i) = -35*i**3 + 39*i**2 + 29*i + 112. Let h(j) = 57*j**3 - 65*j**2 - 47*j - 187. Let c(m) = -8*h(m) - 13*u(m). Calculate c(13).
27
Let t(w) be the third derivative of w**4/8 + 5*w**3/3 - 108*w**2. Let s(k) = k + 2. Let a be s(-9). Give t(a).
-11
Let h be (7 - 12 - ((-1)/1 + 0))*-1. Let j(n) be the third derivative of 0*n + 0 - n**2 + 1/6*n**h - 2/3*n**3. Calculate j(3).
8
Let x(a) = a. Let b(n) = 687*n + 1377. Let k be b(-2). Give x(k).
3
Suppose 0*p + 36 = -4*p - 4*z, -p + 2*z - 3 = 0. Let u = 7 + p. Suppose -8 = 8*r - u. Let l(m) = -3*m**2 - m - 1. Determine l(r).
-3
Suppose 612*d = 615*d - 12. Let w(x) be the second derivative of 0 - 3*x**2 + 11*x + 1/20*x**5 + 0*x**3 - 1/2*x**d. What is w(6)?
-6
Let x(j) be the second derivative of 1/6*j**3 + 0 + j**2 - 4*j. Let l be 18/(-15) + 44/(-55). What is x(l)?
0
Let x be (-3 + 0)/((-30)/130). Let t = x - 7. Let v(o) = -42*o + 1 + 16*o + 19*o + o**2. Give v(t).
-5
Let g be (255 + -241)*(-1 + (-6)/(-4)). Let o(w) = 13*w + 7 - 2 + 3*w - g. Calculate o(-2).
-34
Let r(y) = -14*y**3 + y**2. Let p be 2/((-2)/(-41)) + (-60 - -56). Suppose 0 = 9*l - p + 46. What is r(l)?
15
Let i(h) = -h + 2. Let y be i(0). Let z(p) = -2*p - 5*p + 5*p**2 + 6 + p**3 + y*p. Let k be (55 - 59)/(2/3). Give z(k).
0
Let r(b) = -2*b**3 + 19*b**2 - 10*b + 15. Let p(m) = -7*m**2 + 88*m - 25. Let g be p(15). Let c = g + 289. Calculate r(c).
6
Let q(t) = -t**2 - 3*t - 7. Let k(u) = 16*u - 173. Let b be k(11). Let h be (8/10)/(b/(-15)). What is q(h)?
-11
Let l(u) be the first derivative of -u**6/360 - u**5/6 - 23*u**4/24 + 11*u**3/3 + 2*u**2 + 16. Let r(a) be the third derivative of l(a). Give r(-19).
-4
Let k(u) be the second derivative of u**5/20 - u**4/2 + u**3/6 - 3*u**2/2 + 7*u. Let c be k(6). Let m(l) = -78 + 32 + l**c + l + 41. Give m(0).
-5
Let m(q) be the second derivative of q**4/24 - q**3/2 - 103*q**2/2 - 63*q. Let z(r) be the first derivative of m(r). What is z(6)?
3
Let f(q) be the first derivative of q**4/4 + 4*q**3/3 + 3*q**2/2 + 12*q + 1690. Determine f(-4).
0
Let v(u) = u**3 - 5*u**2 - 297*u + 50. Let i be v(-15). Let s(h) = 2*h**2 + 3*h - h**2 - 9*h + h**2. Give s(i).
20
Let y(m) = m**3 - 13*m**2 - 34*m + 12. Let t(j) = -2*j**3 + 25*j**2 + 61*j - 23. Let s(u) = -6*t(u) - 11*y(u). Determine s(5).
-4
Let j(i) = i**3 + i + 2. Let t(m) = m**3 + 5*m**2 - 6*m - 19. Let w be t(-6). Let p(n) = 12*n + 228. Let r be p(w). Determine j(r).
2
Let l(w) = -110*w**2 - 8030*w - 5. Let o be l(-73). Let x(j) be the first derivative of -3/2*j**2 - 1 - 6*j. What is x(o)?
9
Let y(a) be the first derivative of -4*a**2 + 17*a + 1981. Determine y(2).
1
Let w(f) be the second derivative of f**5/20 + f**4/6 + f**3/3 + 2*f**2 - 3*f. Let k(u) = -8*u + 24. Let v be k(3). Suppose v = -7*h - 6 - 15. Give w(h).
-11
Let g = 1049 + -1052. Let u(z) = 0 + 0*z - 4 + 2*z - 17*z. What is u(g)?
41
Let q be (1 - ((-14)/(-4))/7)*22. Let x(m) = 5 + 8*m**2 - 18*m**2 + 0 + q*m**2 - 8*m. Let n be x(7). Let j(i) = -6*i + 2. What is j(n)?
14
Let z = -3 + 3. Suppose z*c - p = -3*c + 5, 2*c - p - 3 = 0. Let o(i) = 3*i**2 + i - 2*i + 1 + i**3 + 0*i + 3*i**c. What is o(-6)?
7
Let p(l) = -2*l**2 + 17*l - 17. Let m be p(1). Let s(r) = -10*r**3 - 5*r**2 + 6. What is s(m)?
66
Let j(y) = -4*y**2 + y + 2. Let h(l) = -6*l - 50. Let w(u) = u. Let g(q) = -h(q) - 3*w(q). Let v be g(-13). Suppose -6*c + 10 = -v*c. Determine j(c).
-16
Let n(s) = 14*s + 579. Let f be n(-41). Let p(a) = 2 + 2*a**2 - a**2 - 3*a - 2*a**2. Calculate p(f).
-38
Let i(r) = -18*r - 302. Suppose 69*n + 2*q + 84 = 65*n, 5*n = -5*q - 125. Determine i(n).
4
Let h(c) = 11*c**3 + 11*c**2 - 22*c + 3. Let k(a) = -9*a**3 - 10*a**2 + 18*a - 2. Let v(u) = -4*h(u) - 5*k(u). Determine v(-6).
10
Let z(a) = -7*a**2 + 30*a - 200. Let o(y) = 5*y**2 - 32*y + 199. Let h(p) = 3*o(p) + 2*z(p). Let r be h(7). Let g(v) = -v**3 - 6*v**2 - v - 8. Determine g(r).
-2
Let o be ((-13 - -2) + 0)*(-12)/12. Let v(z) = z**2 - 2*z + 19. Give v(o).
118
Let g(a) = 2*a**2 - a. Let o(j) = j**3 + 5*j**2 + 6*j + 6. Suppose 9*q - 84 = 3*q. Suppose 4*b + q + 2 = 0. Let r be o(b). Calculate g(r).
10
Let z(m) = 4*m + 4. Let i(v) = v**3 + 2*v**2 + 4*v + 7. Let a be i(-2). Let j be (-18)/9 + (-4)/a. Let x be (0 - -1)/(j/(-12)). What is z(x)?
-20
Let l(f) = 2*f**2 - 2. Let g(i) = 8*i - 220. Suppose 177*o = 176*o + 28. Let b be g(o). What is l(b)?
30
Let z(a) = -2*a**2 - 2*a + 5. Suppose 4*w + 2*b = 125 - 121, 2*w + 34 = 5*b. What is z(w)?
1
Let i = 102 + -79. Let z(b) = 16*b + i*b + 3 - 59*b + 19*b. Calculate z(-7).
10
Let d(w) be the first derivative of w**5/20 + w**3/6 - 4*w**2 + 108*w + 92. Let o(p) be the first derivative of d(p). Give o(0).
-8
Let r(n) = 5474*n**2 - 5473*n**2 + 20*n + 77 + 110 + 6*n - 67. Calculate r(-20).
0
Suppose -3*t + 0*t = -j - 1, j = -t + 3. Suppose -4*q = -j*q + 10. Let a = -11 - q. Let b(c) = -c. Calculate b(a).
6
Let y(o) = o**2 + 45*o + 352. Let z be y(-33). Let a(j) = -2*j**3 - 86*j**2 + 90*j + 89. Calculate a(z).
1
Let a = -2807 - -2816. Let m(w) = w**2 - 9*w - 4. Give m(a).
-4
Let a(y) = 3*y**2 - 95*y + 685. Let o be a(12). Let d(n) = -n**3 - 22*n**2 + 20*n - 62. What is d(o)?
7
Suppose -27 + 127 = 20*y. Let g(q) = -948*q**2 - 2*q - 1 + y*q**3 + 948*q**2. Determine g(-1).
-4
Let h = -23140 + 23141. Let n(o) = -10*o**3 - 2*o**2 + 1. Give n(h).
-11
Let b(y) = 2*y**2 - y. Suppose 47 - 107 = -20*k. Suppose 6 - 7 = -k*o + 2*s, 0 = 2*o - 4*s + 2. Determine b(o).
1
Let c = 153 - 134. Suppose 39 - c = -5*b. Let s(z) = -z - 10. Give s(b).
-6
Let s(v) = -13*v - 22. Suppose -201*k + 10 = -199*k. Determine s(k).
-87
Let v(d) = -110*d - 23 + 117*d + 0 - 1. Let r be v(3). Let k(w) = -7*w + 2. Give k(r).
23
Let v be 62869016/420 - 4/30. Let u(l) = 149677 + l**2 + 0*l**2 - 10*l - v. Let n be ((-22)/(-4))/(3/6). Determine u(n).
0
Let p = 8585 - 8573. Let j(k) be the first derivative of k**2 - k - 1. Give j(p).
23
Suppose 0 = -835*k + 861*k + 312. Let u(s) = s**3 + 11*s**2 - 10*s - 1. Calculate u(k).
-25
Let z be (-2640)/352*(-8)/10. Let d(o) be the second derivative of o**3/3 - 4*o**2 - 5*o. Give d(z).
4
Let y(a) = -a**3 + 9*a**2 - 17*a + 24. Let z = -28674 - -28681. Determine y(z).
3
Let h(m) = 34*m + 5. Let q(k) = 42*k + 6. Let g(t) = 5*h(t) - 4*q(t). What is g(5)?
11
Suppose m + 22 = -0*a + 5*a, -21 = -3*a - 2*m. Let c(d) be the second derivative of d**3/2 - 5*d**2/2 + 11*d - 14. What is c(a)?
10
Let c(g) be the first derivative of -g**4/4 + 2*g**3 - g**2 + 2. Let f be -15 + 1015/58 - 1/(-2). Give c(f).
21
Let p(i) be the third derivative of -i**6/60 + 7*i**5/60 - i**4/24 - i**3/6 + 1911*i**2. Determine p(2).
9
Let o(c) be the second derivative of c**8/6720 - c**7/504 - c**6/720 + c**5/30 + c**4/12 + 63*c - 3. Let y(a) be the third derivative of o(a). What is y(5)?
-1
Let n(l) = 9*l**3 + l**2 - 21*l - 22. Let g(o) = 16*o**3 + 4*o**2 - 37*o - 43. Let u(j) = -4*g(j) + 7*n(j). Calcul